 the remainder when 3198129 is divided by 73.
72
Calculate the remainder when 27785 is divided by 302.
1
Calculate the remainder when 20451 is divided by 384.
99
What is the remainder when 114420 is divided by 28600?
20
What is the remainder when 32722 is divided by 3633?
25
What is the remainder when 4966 is divided by 1552?
310
Calculate the remainder when 25332 is divided by 12644.
44
Calculate the remainder when 131435 is divided by 231.
227
Calculate the remainder when 3995 is divided by 21.
5
What is the remainder when 159599 is divided by 9387?
20
What is the remainder when 9666 is divided by 10?
6
What is the remainder when 85779 is divided by 85755?
24
Calculate the remainder when 17939 is divided by 3.
2
Calculate the remainder when 62306 is divided by 55.
46
Calculate the remainder when 112756 is divided by 603.
598
What is the remainder when 74879 is divided by 388?
383
What is the remainder when 233941 is divided by 603?
580
Calculate the remainder when 11124 is divided by 3698.
30
What is the remainder when 62293 is divided by 49?
14
Calculate the remainder when 66980 is divided by 13389.
35
Calculate the remainder when 14330 is divided by 4749.
83
What is the remainder when 2386 is divided by 1472?
914
Calculate the remainder when 253882 is divided by 1365.
1357
Calculate the remainder when 20629 is divided by 6847.
88
Calculate the remainder when 14479 is divided by 1474.
1213
What is the remainder when 1734 is divided by 819?
96
Calculate the remainder when 113860 is divided by 331.
327
Calculate the remainder when 325488 is divided by 22.
20
What is the remainder when 2829 is divided by 222?
165
Calculate the remainder when 17691 is divided by 661.
505
What is the remainder when 119493 is divided by 8?
5
What is the remainder when 21360 is divided by 32?
16
What is the remainder when 10915 is divided by 2847?
2374
What is the remainder when 626 is divided by 494?
132
Calculate the remainder when 1048057 is divided by 130.
127
Calculate the remainder when 3416 is divided by 307.
39
Calculate the remainder when 9336 is divided by 3074.
114
What is the remainder when 85201 is divided by 12?
1
Calculate the remainder when 9814 is divided by 3217.
163
Calculate the remainder when 42632 is divided by 22.
18
What is the remainder when 186447 is divided by 113?
110
What is the remainder when 35846 is divided by 326?
312
What is the remainder when 373132 is divided by 35?
32
What is the remainder when 11558 is divided by 170?
168
What is the remainder when 36358 is divided by 12111?
25
Calculate the remainder when 16223 is divided by 133.
130
What is the remainder when 6569 is divided by 387?
377
Calculate the remainder when 74592 is divided by 38.
36
Calculate the remainder when 754 is divided by 206.
136
What is the remainder when 50872 is divided by 318?
310
Calculate the remainder when 16367 is divided by 260.
247
Calculate the remainder when 3305 is divided by 162.
65
Calculate the remainder when 13479 is divided by 707.
46
Calculate the remainder when 3985 is divided by 196.
65
Calculate the remainder when 7557 is divided by 137.
22
What is the remainder when 85021 is divided by 22?
13
Calculate the remainder when 16334 is divided by 2039.
22
Calculate the remainder when 697 is divided by 66.
37
What is the remainder when 12163 is divided by 39?
34
Calculate the remainder when 128 is divided by 96.
32
Calculate the remainder when 61429 is divided by 61417.
12
What is the remainder when 1385 is divided by 30?
5
What is the remainder when 817 is divided by 725?
92
Calculate the remainder when 1252 is divided by 159.
139
What is the remainder when 332049 is divided by 725?
724
What is the remainder when 1467 is divided by 1443?
24
What is the remainder when 585358 is divided by 8608?
14
Calculate the remainder when 114896 is divided by 14.
12
What is the remainder when 88869 is divided by 229?
17
What is the remainder when 14262 is divided by 3500?
262
Calculate the remainder when 9869 is divided by 396.
365
Calculate the remainder when 89477 is divided by 18.
17
Calculate the remainder when 7084 is divided by 1170.
64
What is the remainder when 55547 is divided by 133?
86
Calculate the remainder when 7545 is divided by 695.
595
What is the remainder when 66663 is divided by 20?
3
Calculate the remainder when 30974 is divided by 59.
58
Calculate the remainder when 53936 is divided by 35.
1
Calculate the remainder when 5177 is divided by 259.
256
What is the remainder when 124838 is divided by 59?
53
What is the remainder when 83722 is divided by 3?
1
What is the remainder when 3454 is divided by 3384?
70
Calculate the remainder when 243579 is divided by 533.
531
What is the remainder when 656 is divided by 228?
200
Calculate the remainder when 19564 is divided by 6494.
82
What is the remainder when 842 is divided by 168?
2
What is the remainder when 27192 is divided by 9053?
33
What is the remainder when 252545 is divided by 15?
5
What is the remainder when 377907 is divided by 38?
35
Calculate the remainder when 1743781 is divided by 33.
28
What is the remainder when 50300 is divided by 16739?
83
What is the remainder when 1486 is divided by 1437?
49
Calculate the remainder when 12068 is divided by 1090.
78
What is the remainder when 3449 is divided by 229?
14
Calculate the remainder when 38945 is divided by 443.
404
Calculate the remainder when 567 is divided by 165.
72
Calculate the remainder when 68864 is divided by 153.
14
Calculate the remainder when 1472 is divided by 65.
42
What is the remainder when 21971 is divided by 7321?
8
Calculate the remainder when 457709 is divided by 11.
10
What is the remainder when 68783 is divided by 495?
473
Calculate the remainder when 803237 is divided by 40.
37
Calculate the remainder when 1793 is divided by 598.
597
Calculate the remainder when 11013 is divided by 344.
5
What is the remainder when 48820 is divided by 328?
276
What is the remainder when 3561 is divided by 335?
211
What is the remainder when 122484 is divided by 131?
130
What is the remainder when 17982 is divided by 170?
132
What is the remainder when 21070 is divided by 301?
0
What is the remainder when 9913 is divided by 130?
33
What is the remainder when 7231 is divided by 1781?
107
Calculate the remainder when 29291 is divided by 437.
12
Calculate the remainder when 74467 is divided by 24.
19
Calculate the remainder when 1438 is divided by 194.
80
What is the remainder when 1805754 is divided by 352?
346
What is the remainder when 8099 is divided by 49?
14
What is the remainder when 42683 is divided by 6?
5
What is the remainder when 197479 is divided by 311?
305
What is the remainder when 165778 is divided by 782?
776
Calculate the remainder when 83851 is divided by 175.
26
What is the remainder when 4714 is divided by 121?
116
What is the remainder when 610344 is divided by 72?
0
What is the remainder when 6949 is divided by 895?
684
What is the remainder when 52258 is divided by 35?
3
Calculate the remainder when 7023 is divided by 98.
65
Calculate the remainder when 62779 is divided by 860.
859
Calculate the remainder when 5639 is divided by 5623.
16
What is the remainder when 1529 is divided by 332?
201
What is the remainder when 263025 is divided by 694?
693
What is the remainder when 750 is divided by 11?
2
Calculate the remainder when 20685 is divided by 1349.
450
Calculate the remainder when 35815 is divided by 1326.
13
Calculate the remainder when 678 is divided by 182.
132
Calculate the remainder when 765 is divided by 14.
9
What is the remainder when 6171 is divided by 67?
7
What is the remainder when 137158 is divided by 2639?
2569
What is the remainder when 2855 is divided by 118?
23
Calculate the remainder when 6030 is divided by 187.
46
What is the remainder when 14970 is divided by 282?
24
What is the remainder when 109325 is divided by 274?
273
What is the remainder when 5370 is divided by 80?
10
Calculate the remainder when 88676 is divided by 287.
280
Calculate the remainder when 145196 is divided by 220.
216
Calculate the remainder when 157732 is divided by 39.
16
Calculate the remainder when 19646 is divided by 91.
81
Calculate the remainder when 5496 is divided by 16.
8
What is the remainder 